{"id":4436,"date":"2017-10-03T17:22:18","date_gmt":"2017-10-03T16:22:18","guid":{"rendered":"https:\/\/palmadelrio.salesianos.edu\/colegio\/escuela-empresa\/"},"modified":"2024-06-04T08:42:16","modified_gmt":"2024-06-04T07:42:16","slug":"escuela-empresa","status":"publish","type":"page","link":"https:\/\/palmadelrio.salesianos.edu\/colegio\/escuela-empresa\/","title":{"rendered":"Escuela-Empresa"},"content":{"rendered":"<div id=\"fb-root\"><\/div>\n<p>[et_pb_section fb_built=\u00bb1&#8243; fullwidth=\u00bbon\u00bb _builder_version=\u00bb4.16&#8243; global_colors_info=\u00bb{}\u00bb][et_pb_fullwidth_header title=\u00bbEscuela-Empresa\u00bb content_max_width=\u00bbnone\u00bb module_class=\u00bbpagina-imagen-cabecera\u00bb _builder_version=\u00bb4.16&#8243; background_color=\u00bbrgba(255, 255, 255, 0)\u00bb background_image=\u00bbhttps:\/\/palmadelrio.salesianos.edu\/wp-content\/uploads\/2017\/09\/fondo.jpg\u00bb background_layout=\u00bblight\u00bb global_colors_info=\u00bb{}\u00bb button_one_text_size__hover_enabled=\u00bboff\u00bb button_two_text_size__hover_enabled=\u00bboff\u00bb button_one_text_color__hover_enabled=\u00bboff\u00bb button_two_text_color__hover_enabled=\u00bboff\u00bb button_one_border_width__hover_enabled=\u00bboff\u00bb button_two_border_width__hover_enabled=\u00bboff\u00bb button_one_border_color__hover_enabled=\u00bboff\u00bb button_two_border_color__hover_enabled=\u00bboff\u00bb button_one_border_radius__hover_enabled=\u00bboff\u00bb button_two_border_radius__hover_enabled=\u00bboff\u00bb button_one_letter_spacing__hover_enabled=\u00bboff\u00bb button_two_letter_spacing__hover_enabled=\u00bboff\u00bb button_one_bg_color__hover_enabled=\u00bboff\u00bb button_two_bg_color__hover_enabled=\u00bboff\u00bb][\/et_pb_fullwidth_header][\/et_pb_section][et_pb_section fb_built=\u00bb1&#8243; admin_label=\u00bbsection\u00bb _builder_version=\u00bb4.16&#8243; global_colors_info=\u00bb{}\u00bb][et_pb_row admin_label=\u00bbrow\u00bb _builder_version=\u00bb4.16&#8243; background_size=\u00bbinitial\u00bb background_position=\u00bbtop_left\u00bb background_repeat=\u00bbrepeat\u00bb global_colors_info=\u00bb{}\u00bb][et_pb_column type=\u00bb4_4&#8243; _builder_version=\u00bb4.16&#8243; custom_padding=\u00bb|||\u00bb global_colors_info=\u00bb{}\u00bb custom_padding__hover=\u00bb|||\u00bb][et_pb_text admin_label=\u00bbLogo Escuela-Empresa\u00bb _builder_version=\u00bb4.16&#8243; header_font_size=\u00bb40px\u00bb background_size=\u00bbinitial\u00bb background_position=\u00bbtop_left\u00bb background_repeat=\u00bbrepeat\u00bb border_style=\u00bbsolid\u00bb global_colors_info=\u00bb{}\u00bb]<img loading=\"lazy\" decoding=\"async\" class=\"alignnone wp-image-5286 aligncenter\" src=\"https:\/\/palmadelrio.salesianos.edu\/colegio\/wp-content\/uploads\/sites\/2\/2018\/05\/logo-escuela-empresa-297x300.jpg\" alt=\"\" width=\"132\" height=\"133\" srcset=\"https:\/\/palmadelrio.salesianos.edu\/colegio\/wp-content\/uploads\/sites\/2\/2018\/05\/logo-escuela-empresa-297x300.jpg 297w, https:\/\/palmadelrio.salesianos.edu\/colegio\/wp-content\/uploads\/sites\/2\/2018\/05\/logo-escuela-empresa-150x150.jpg 150w, https:\/\/palmadelrio.salesianos.edu\/colegio\/wp-content\/uploads\/sites\/2\/2018\/05\/logo-escuela-empresa.jpg 384w\" sizes=\"(max-width: 132px) 100vw, 132px\" \/><br \/>\n[\/et_pb_text][et_pb_text admin_label=\u00bbTexto Escuela-Empresa\u00bb _builder_version=\u00bb4.25.1&#8243; header_font_size=\u00bb40px\u00bb background_size=\u00bbinitial\u00bb background_position=\u00bbtop_left\u00bb background_repeat=\u00bbrepeat\u00bb hover_enabled=\u00bb0&#8243; border_style_all=\u00bbsolid\u00bb border_style=\u00bbsolid\u00bb global_colors_info=\u00bb{}\u00bb sticky_enabled=\u00bb0&#8243;]<\/p>\n<p style=\"text-align: justify;\">Este Centro dispone de un\u00a0<b>DEPARTAMENTO \u201cESCUELA-EMPRESA\u201d<\/b>, destinado a la realizaci\u00f3n de actividades encaminadas a potenciar el desarrollo formativo de los alumnos\/as de Ciclos Formativos y favorecer la inserci\u00f3n laboral, acercando al alumno\/a a la realidad empresarial. Concretamente podemos destacar las siguientes actividades:<\/p>\n<ul style=\"text-align: justify;\">\n<li>Servicio de BOLSA DE TRABAJO para los alumnos que finalizan sus estudios en nuestro centro, facilitando su entrada en el mercado laboral, poni\u00e9ndolos en contacto con las empresas a trav\u00e9s de la gesti\u00f3n y difusi\u00f3n de ofertas de empleo. Si es tu caso, y quieres que te tengamos en cuenta para este servicio, env\u00eda tu CV a la siguiente direcci\u00f3n de correo electr\u00f3nico:\n<ul>\n<li>escuelaempresa.palmadelrio@salesianos.edu<\/li>\n<\/ul>\n<\/li>\n<\/ul>\n<p style=\"padding-left: 40px; text-align: justify;\">No olvides indicar en tu historial acad\u00e9mico tu a\u00f1o de titulaci\u00f3n, correo electr\u00f3nico personal, tel\u00e9fono de contacto y donde realizaste la Formaci\u00f3n en Centros de Trabajo.<\/p>\n<ul>\n<li style=\"text-align: justify;\">Servicio de b\u00fasqueda de candidatos para las empresas que necesitan t\u00e9cnicos de formaci\u00f3n profesional. Si usted es EMPRESA, comparta con nosotros su oferta de empleo envi\u00e1ndonos un mensaje al correo electr\u00f3nico:\n<ul>\n<li style=\"text-align: justify;\">escuelaempresa.palmadelrio@salesianos.edu<\/li>\n<\/ul>\n<\/li>\n<\/ul>\n<p style=\"padding-left: 40px; text-align: justify;\">Indique las caracter\u00edsticas del puesto y en que especialidad de ciclo formativo estar\u00eda interesado. Lo m\u00e1s r\u00e1pido posible contactaremos con usted para concretar m\u00e1s su oferta.<\/p>\n<ul style=\"text-align: justify;\">\n<li>Planificar y desarrollar el m\u00f3dulo de\u00a0<strong><u>FORMACI\u00d3N EN CENTROS DE TRABAJO (FCT<\/u><\/strong><strong>)<\/strong>, posibilitando las pr\u00e1cticas en empresas de los alumnos de CC.FF. En la actualidad se puede desarrollar <strong>la FCT en otros pa\u00edses de la Uni\u00f3n Europea\u00a0<\/strong>mediante las\u00a0<strong>Becas Erasmus+.<\/strong><\/li>\n<\/ul>\n<ul style=\"text-align: justify;\">\n<li>Programar y planificar\u00a0<strong><u>actividades complementarias<\/u><\/strong>\u00a0en colaboraci\u00f3n con diferentes instituciones y organismos (CADE, C\u00e1mara de Comercio, Andaluc\u00eda Orienta, etc.) para fomentar en los alumnos una cultura emprendedora y de autoempleo.<\/li>\n<\/ul>\n<p style=\"text-align: justify;\">\n<p style=\"text-align: justify;\"><strong>Tel\u00e9fono\u00a0<\/strong><strong>957 710 792<\/strong><\/p>\n<p style=\"text-align: justify;\"><strong>\u00a0Email<\/strong><strong>:<\/strong><strong>\u00a0escuelaempresa.palmadelrio@salesianos.edu<\/strong><\/p>\n<p>[\/et_pb_text][\/et_pb_column][\/et_pb_row][\/et_pb_section]<\/p>\n","protected":false},"excerpt":{"rendered":"<p>Este Centro dispone de un\u00a0DEPARTAMENTO \u201cESCUELA-EMPRESA\u201d, destinado a la realizaci\u00f3n de actividades encaminadas a potenciar el desarrollo formativo de los alumnos\/as de Ciclos Formativos y favorecer la inserci\u00f3n laboral, acercando al alumno\/a a la realidad empresarial. Concretamente podemos destacar las siguientes actividades: Servicio de BOLSA DE TRABAJO para los alumnos que finalizan sus estudios en [&hellip;]<\/p>\n","protected":false},"author":2,"featured_media":0,"parent":0,"menu_order":0,"comment_status":"closed","ping_status":"closed","template":"","meta":{"_et_pb_use_builder":"on","_et_pb_old_content":"","_et_gb_content_width":"","footnotes":""},"class_list":["post-4436","page","type-page","status-publish","hentry"],"yoast_head":"<!-- This site is optimized with the Yoast SEO plugin v27.4 - https:\/\/yoast.com\/product\/yoast-seo-wordpress\/ -->\n<title>Escuela-Empresa - Colegio<\/title>\n<meta name=\"robots\" content=\"index, follow, max-snippet:-1, max-image-preview:large, max-video-preview:-1\" \/>\n<link rel=\"canonical\" href=\"https:\/\/palmadelrio.salesianos.edu\/colegio\/escuela-empresa\/\" \/>\n<meta property=\"og:locale\" content=\"es_ES\" \/>\n<meta property=\"og:type\" content=\"article\" \/>\n<meta property=\"og:title\" content=\"Escuela-Empresa - Colegio\" \/>\n<meta property=\"og:description\" content=\"Este Centro dispone de un\u00a0DEPARTAMENTO \u201cESCUELA-EMPRESA\u201d, destinado a la realizaci\u00f3n de actividades encaminadas a potenciar el desarrollo formativo de los alumnos\/as de Ciclos Formativos y favorecer la inserci\u00f3n laboral, acercando al alumno\/a a la realidad empresarial. Concretamente podemos destacar las siguientes actividades: Servicio de BOLSA DE TRABAJO para los alumnos que finalizan sus estudios en [&hellip;]\" \/>\n<meta property=\"og:url\" content=\"https:\/\/palmadelrio.salesianos.edu\/colegio\/escuela-empresa\/\" \/>\n<meta property=\"og:site_name\" content=\"Colegio\" \/>\n<meta property=\"article:modified_time\" content=\"2024-06-04T07:42:16+00:00\" \/>\n<meta property=\"og:image\" content=\"https:\/\/palmadelrio.salesianos.edu\/colegio\/wp-content\/uploads\/sites\/2\/2018\/05\/logo-escuela-empresa-297x300.jpg\" \/>\n<meta name=\"twitter:card\" content=\"summary_large_image\" \/>\n<meta name=\"twitter:label1\" content=\"Tiempo de lectura\" \/>\n\t<meta name=\"twitter:data1\" content=\"2 minutos\" \/>\n<script type=\"application\/ld+json\" class=\"yoast-schema-graph\">{\"@context\":\"https:\\\/\\\/schema.org\",\"@graph\":[{\"@type\":\"WebPage\",\"@id\":\"https:\\\/\\\/palmadelrio.salesianos.edu\\\/colegio\\\/escuela-empresa\\\/\",\"url\":\"https:\\\/\\\/palmadelrio.salesianos.edu\\\/colegio\\\/escuela-empresa\\\/\",\"name\":\"Escuela-Empresa - Colegio\",\"isPartOf\":{\"@id\":\"https:\\\/\\\/palmadelrio.salesianos.edu\\\/colegio\\\/#website\"},\"primaryImageOfPage\":{\"@id\":\"https:\\\/\\\/palmadelrio.salesianos.edu\\\/colegio\\\/escuela-empresa\\\/#primaryimage\"},\"image\":{\"@id\":\"https:\\\/\\\/palmadelrio.salesianos.edu\\\/colegio\\\/escuela-empresa\\\/#primaryimage\"},\"thumbnailUrl\":\"https:\\\/\\\/palmadelrio.salesianos.edu\\\/colegio\\\/wp-content\\\/uploads\\\/sites\\\/2\\\/2018\\\/05\\\/logo-escuela-empresa-297x300.jpg\",\"datePublished\":\"2017-10-03T16:22:18+00:00\",\"dateModified\":\"2024-06-04T07:42:16+00:00\",\"breadcrumb\":{\"@id\":\"https:\\\/\\\/palmadelrio.salesianos.edu\\\/colegio\\\/escuela-empresa\\\/#breadcrumb\"},\"inLanguage\":\"es\",\"potentialAction\":[{\"@type\":\"ReadAction\",\"target\":[\"https:\\\/\\\/palmadelrio.salesianos.edu\\\/colegio\\\/escuela-empresa\\\/\"]}]},{\"@type\":\"ImageObject\",\"inLanguage\":\"es\",\"@id\":\"https:\\\/\\\/palmadelrio.salesianos.edu\\\/colegio\\\/escuela-empresa\\\/#primaryimage\",\"url\":\"https:\\\/\\\/palmadelrio.salesianos.edu\\\/colegio\\\/wp-content\\\/uploads\\\/sites\\\/2\\\/2018\\\/05\\\/logo-escuela-empresa.jpg\",\"contentUrl\":\"https:\\\/\\\/palmadelrio.salesianos.edu\\\/colegio\\\/wp-content\\\/uploads\\\/sites\\\/2\\\/2018\\\/05\\\/logo-escuela-empresa.jpg\",\"width\":384,\"height\":388},{\"@type\":\"BreadcrumbList\",\"@id\":\"https:\\\/\\\/palmadelrio.salesianos.edu\\\/colegio\\\/escuela-empresa\\\/#breadcrumb\",\"itemListElement\":[{\"@type\":\"ListItem\",\"position\":1,\"name\":\"Portada\",\"item\":\"https:\\\/\\\/palmadelrio.salesianos.edu\\\/colegio\\\/\"},{\"@type\":\"ListItem\",\"position\":2,\"name\":\"Escuela-Empresa\"}]},{\"@type\":\"WebSite\",\"@id\":\"https:\\\/\\\/palmadelrio.salesianos.edu\\\/colegio\\\/#website\",\"url\":\"https:\\\/\\\/palmadelrio.salesianos.edu\\\/colegio\\\/\",\"name\":\"Colegio\",\"description\":\"P\u00e1gina oficial Salesianos Palma del R\u00edo\",\"potentialAction\":[{\"@type\":\"SearchAction\",\"target\":{\"@type\":\"EntryPoint\",\"urlTemplate\":\"https:\\\/\\\/palmadelrio.salesianos.edu\\\/colegio\\\/?s={search_term_string}\"},\"query-input\":{\"@type\":\"PropertyValueSpecification\",\"valueRequired\":true,\"valueName\":\"search_term_string\"}}],\"inLanguage\":\"es\"}]}<\/script>\n<!-- \/ Yoast SEO plugin. -->","yoast_head_json":{"title":"Escuela-Empresa - Colegio","robots":{"index":"index","follow":"follow","max-snippet":"max-snippet:-1","max-image-preview":"max-image-preview:large","max-video-preview":"max-video-preview:-1"},"canonical":"https:\/\/palmadelrio.salesianos.edu\/colegio\/escuela-empresa\/","og_locale":"es_ES","og_type":"article","og_title":"Escuela-Empresa - Colegio","og_description":"Este Centro dispone de un\u00a0DEPARTAMENTO \u201cESCUELA-EMPRESA\u201d, destinado a la realizaci\u00f3n de actividades encaminadas a potenciar el desarrollo formativo de los alumnos\/as de Ciclos Formativos y favorecer la inserci\u00f3n laboral, acercando al alumno\/a a la realidad empresarial. Concretamente podemos destacar las siguientes actividades: Servicio de BOLSA DE TRABAJO para los alumnos que finalizan sus estudios en [&hellip;]","og_url":"https:\/\/palmadelrio.salesianos.edu\/colegio\/escuela-empresa\/","og_site_name":"Colegio","article_modified_time":"2024-06-04T07:42:16+00:00","og_image":[{"url":"https:\/\/palmadelrio.salesianos.edu\/colegio\/wp-content\/uploads\/sites\/2\/2018\/05\/logo-escuela-empresa-297x300.jpg","type":"","width":"","height":""}],"twitter_card":"summary_large_image","twitter_misc":{"Tiempo de lectura":"2 minutos"},"schema":{"@context":"https:\/\/schema.org","@graph":[{"@type":"WebPage","@id":"https:\/\/palmadelrio.salesianos.edu\/colegio\/escuela-empresa\/","url":"https:\/\/palmadelrio.salesianos.edu\/colegio\/escuela-empresa\/","name":"Escuela-Empresa - Colegio","isPartOf":{"@id":"https:\/\/palmadelrio.salesianos.edu\/colegio\/#website"},"primaryImageOfPage":{"@id":"https:\/\/palmadelrio.salesianos.edu\/colegio\/escuela-empresa\/#primaryimage"},"image":{"@id":"https:\/\/palmadelrio.salesianos.edu\/colegio\/escuela-empresa\/#primaryimage"},"thumbnailUrl":"https:\/\/palmadelrio.salesianos.edu\/colegio\/wp-content\/uploads\/sites\/2\/2018\/05\/logo-escuela-empresa-297x300.jpg","datePublished":"2017-10-03T16:22:18+00:00","dateModified":"2024-06-04T07:42:16+00:00","breadcrumb":{"@id":"https:\/\/palmadelrio.salesianos.edu\/colegio\/escuela-empresa\/#breadcrumb"},"inLanguage":"es","potentialAction":[{"@type":"ReadAction","target":["https:\/\/palmadelrio.salesianos.edu\/colegio\/escuela-empresa\/"]}]},{"@type":"ImageObject","inLanguage":"es","@id":"https:\/\/palmadelrio.salesianos.edu\/colegio\/escuela-empresa\/#primaryimage","url":"https:\/\/palmadelrio.salesianos.edu\/colegio\/wp-content\/uploads\/sites\/2\/2018\/05\/logo-escuela-empresa.jpg","contentUrl":"https:\/\/palmadelrio.salesianos.edu\/colegio\/wp-content\/uploads\/sites\/2\/2018\/05\/logo-escuela-empresa.jpg","width":384,"height":388},{"@type":"BreadcrumbList","@id":"https:\/\/palmadelrio.salesianos.edu\/colegio\/escuela-empresa\/#breadcrumb","itemListElement":[{"@type":"ListItem","position":1,"name":"Portada","item":"https:\/\/palmadelrio.salesianos.edu\/colegio\/"},{"@type":"ListItem","position":2,"name":"Escuela-Empresa"}]},{"@type":"WebSite","@id":"https:\/\/palmadelrio.salesianos.edu\/colegio\/#website","url":"https:\/\/palmadelrio.salesianos.edu\/colegio\/","name":"Colegio","description":"P\u00e1gina oficial Salesianos Palma del R\u00edo","potentialAction":[{"@type":"SearchAction","target":{"@type":"EntryPoint","urlTemplate":"https:\/\/palmadelrio.salesianos.edu\/colegio\/?s={search_term_string}"},"query-input":{"@type":"PropertyValueSpecification","valueRequired":true,"valueName":"search_term_string"}}],"inLanguage":"es"}]}},"_links":{"self":[{"href":"https:\/\/palmadelrio.salesianos.edu\/colegio\/wp-json\/wp\/v2\/pages\/4436","targetHints":{"allow":["GET"]}}],"collection":[{"href":"https:\/\/palmadelrio.salesianos.edu\/colegio\/wp-json\/wp\/v2\/pages"}],"about":[{"href":"https:\/\/palmadelrio.salesianos.edu\/colegio\/wp-json\/wp\/v2\/types\/page"}],"author":[{"embeddable":true,"href":"https:\/\/palmadelrio.salesianos.edu\/colegio\/wp-json\/wp\/v2\/users\/2"}],"replies":[{"embeddable":true,"href":"https:\/\/palmadelrio.salesianos.edu\/colegio\/wp-json\/wp\/v2\/comments?post=4436"}],"version-history":[{"count":23,"href":"https:\/\/palmadelrio.salesianos.edu\/colegio\/wp-json\/wp\/v2\/pages\/4436\/revisions"}],"predecessor-version":[{"id":6074,"href":"https:\/\/palmadelrio.salesianos.edu\/colegio\/wp-json\/wp\/v2\/pages\/4436\/revisions\/6074"}],"wp:attachment":[{"href":"https:\/\/palmadelrio.salesianos.edu\/colegio\/wp-json\/wp\/v2\/media?parent=4436"}],"curies":[{"name":"wp","href":"https:\/\/api.w.org\/{rel}","templated":true}]}}