{"id":4763,"date":"2017-10-11T21:37:15","date_gmt":"2017-10-11T20:37:15","guid":{"rendered":"https:\/\/palmadelrio.salesianos.edu\/colegio\/fp-dual\/"},"modified":"2017-11-11T21:47:38","modified_gmt":"2017-11-11T20:47:38","slug":"fp-dual","status":"publish","type":"page","link":"https:\/\/palmadelrio.salesianos.edu\/colegio\/fp-dual\/","title":{"rendered":"FP Dual"},"content":{"rendered":"<div id=\"fb-root\"><\/div>\n<p>[et_pb_section bb_built=\u00bb1&#8243; admin_label=\u00bbSecci\u00f3n\u00bb fullwidth=\u00bbon\u00bb specialty=\u00bboff\u00bb][et_pb_fullwidth_header admin_label=\u00bbT\u00edtulo de anchura completa\u00bb _builder_version=\u00bb3.0.51&#8243; title=\u00bbFP Dual\u00bb background_image=\u00bbhttps:\/\/palmadelrio.salesianos.edu\/wp-content\/uploads\/2017\/09\/fondo.jpg\u00bb text_orientation=\u00bbleft\u00bb header_fullscreen=\u00bboff\u00bb header_scroll_down=\u00bboff\u00bb image_orientation=\u00bbcenter\u00bb background_layout=\u00bblight\u00bb content_orientation=\u00bbcenter\u00bb custom_button_one=\u00bboff\u00bb button_one_letter_spacing=\u00bb0&#8243; button_one_icon_placement=\u00bbright\u00bb button_one_letter_spacing_hover=\u00bb0&#8243; custom_button_two=\u00bboff\u00bb button_two_letter_spacing=\u00bb0&#8243; button_two_icon_placement=\u00bbright\u00bb button_two_letter_spacing_hover=\u00bb0&#8243; module_class=\u00bbpagina-imagen-cabecera\u00bb \/][\/et_pb_section][et_pb_section bb_built=\u00bb1&#8243; admin_label=\u00bbsection\u00bb][et_pb_row admin_label=\u00bbrow\u00bb background_position=\u00bbtop_left\u00bb background_repeat=\u00bbrepeat\u00bb background_size=\u00bbinitial\u00bb][et_pb_column type=\u00bb4_4&#8243;][et_pb_text admin_label=\u00bbTexto\u00bb _builder_version=\u00bb3.0.51&#8243; background_layout=\u00bblight\u00bb text_orientation=\u00bbleft\u00bb border_style=\u00bbsolid\u00bb]<\/p>\n<div style=\"background-color: #e02b20; font-family: Arial; font-size: 24px; color: #fff; font-weight: bold; padding: 2%;\">INFORMACI\u00d3N DE INTER\u00c9S<\/div>\n<p>[\/et_pb_text][et_pb_accordion admin_label=\u00bbAcorde\u00f3n\u00bb _builder_version=\u00bb3.0.51&#8243; border_style=\u00bbsolid\u00bb closed_toggle_background_color=\u00bb#f4f4f4&#8243; toggle_font_size=\u00bb18&#8243; closed_toggle_text_color=\u00bb#e02b20&#8243;]<\/p>\n<p>[et_pb_accordion_item title=\u00bb\u00bfEn qu\u00e9 consiste la FP Dual?\u00bb]La FP-FUAL es la nueva modalidad deestudios que hoy se est\u00e1 imponiendo en Europa y que en Andaluc\u00eda ha empezado afuncionar recientemente. Permite cursar los dos a\u00f1os de un Ciclo Formativocompartiendo este tiempo entre el Centro de estudios y el trabajo en lasempresas colaboradoras, en calidad de alumno trabajador. Nuestro Centro,Salesianos Palma del R\u00edo oferta esta modalidad para los Ciclos de Gradio Medio de\u00bbElectromec\u00e1nica de Veh\u00edculos Autom\u00f3viles\u00bb\u00a0, \u00abGesti\u00f3n Administrativa\u00bb e \u00abInstalaciones Frigor\u00edficas y de Climatizaci\u00f3n\u00bb<\/p>\n<p>[\/et_pb_accordion_item][et_pb_accordion_item title=\u00bb\u00bfQue objetivos tiene la FP Dual?\u00bb]La FP-DUAL acerca la realidad de las empresas del sector al alumno. As\u00ed, las empresas se implican directamente en la formaci\u00f3n, creando un v\u00ednculo a trav\u00e9s de su participaci\u00f3n que repercute positivamente en el\u00a0<i>curriculum<\/i>\u00a0de los alumnos y en su posterior inserci\u00f3n laboral.<\/p>\n<p>[\/et_pb_accordion_item][et_pb_accordion_item title=\u00bb\u00bfQu\u00e9 ocurre con la formaci\u00f3n profesional de antes?\u00bb]Sigue imparti\u00e9ndose normalmente. LaFP-DUAL no sustituye a la modalidad presencial, ya existente, sino que lacomplementa. En el mismo ciclo formativo coexisten los alumnos de la FP-DUALcon los de la FP \u201ctradicional\u201d. El alumno, en el momento de la matr\u00edcula, eligela modalidad que quiere cursar.<\/p>\n<p>[\/et_pb_accordion_item][et_pb_accordion_item title=\u00bb\u00bfPor qu\u00e9 es positiva para el alumno la FP Dual?\u00bb]Porque mejora la adquisici\u00f3n de destrezas, conocimientos y habilidades t\u00e9cnicas, al permitir compaginar los estudios con el inicio de una carrera como profesional del sector. Adem\u00e1s, su\u00a0<u>adaptaci\u00f3n al mercado laboral<\/u>\u00a0es mucho m\u00e1s directa y efectiva, dado que, al terminar el Ciclo Formativo, el alumno ya lleva un a\u00f1o y medio de pr\u00e1cticas reales en la empresa. Asimismo, las empresas suelen planificar sus incorporaciones de personal en funci\u00f3n de las expectativas de formaci\u00f3n de sus empleados en pr\u00e1cticas.<\/p>\n<p>[\/et_pb_accordion_item][et_pb_accordion_item title=\u00bb\u00bfLa empresa es la misma en todo el proceso de la FP Dual?\u00bb]No necesariamente. En funci\u00f3n del alumnado, de la evoluci\u00f3n de la trayectoria formativa y las Empresas, sus necesidades de personal y las cargas de trabajo, habr\u00e1 alumnos que puedan permanecer los dos cursos en el mismo centro de trabajo y otros alternar\u00e1n entre diversas empresas.<\/p>\n<p>[\/et_pb_accordion_item][et_pb_accordion_item title=\u00bb\u00bfTiene el t\u00edtulo de FP Dual la misma validez que los otros?\u00bb]<\/p>\n<p style=\"font-weight: 300;\">Los T\u00edtulos que se obtienen al cursar un Ciclo Formativo de Grado Medio o de Grado Superior en esta modalidad DUAL tienen car\u00e1cter oficial y la misma validez acad\u00e9mica y profesional en todo el territorio nacional.<\/p>\n<p style=\"font-weight: 300;\">Asimismo, el derecho a\u00a0<strong>BECAS<\/strong>\u00a0en todas sus modalidades permanece igual que en la otra modalidad de FP.<\/p>\n<p style=\"font-weight: 300;\">En pocas palabras, el itinerario DUAL y el convencional llevan en cada Ciclo Formativo a la\u00a0<b>MISMA TITULACI\u00d3N<\/b>, con los mismos derechos a becas o ayudas.<\/p>\n<p>[\/et_pb_accordion_item][et_pb_accordion_item title=\u00bb\u00bfCual es la situaci\u00f3n de la FP Dual en el panorama educativo?\u00bb]Desde la Administraci\u00f3n Educativa hay una clara apuesta por la modalidad de Formaci\u00f3n Profesional DUAL. S\u00f3lo en Andaluc\u00eda, durante el curso 2015\/16 se aprobaron 110 proyecto de FP DUAL. En el curso 2016\/17 la cifra aument\u00f3 hasta los 190.<\/p>\n<p>Esta modalidad existe desde hace tiempo en Europa, funcionando con \u00e9xito en Espa\u00f1a y Andaluc\u00eda y es la modalidad demandada por las empresas para mejorar su competitividad y la formaci\u00f3n de sus futuros trabajadores.<\/p>\n<p>[\/et_pb_accordion_item][et_pb_accordion_item title=\u00bb\u00bfCuales son las empresas que participan en la FP Dual?\u00bb]<img loading=\"lazy\" decoding=\"async\" class=\"aligncenter wp-image-4764 size-full\" src=\"https:\/\/palmadelrio.salesianos.edu\/colegio\/wp-content\/uploads\/sites\/2\/2017\/11\/empresas-fp-dual.jpg\" alt=\"\" width=\"900\" height=\"900\" srcset=\"https:\/\/palmadelrio.salesianos.edu\/colegio\/wp-content\/uploads\/sites\/2\/2017\/11\/empresas-fp-dual.jpg 900w, https:\/\/palmadelrio.salesianos.edu\/colegio\/wp-content\/uploads\/sites\/2\/2017\/11\/empresas-fp-dual-150x150.jpg 150w, https:\/\/palmadelrio.salesianos.edu\/colegio\/wp-content\/uploads\/sites\/2\/2017\/11\/empresas-fp-dual-300x300.jpg 300w, https:\/\/palmadelrio.salesianos.edu\/colegio\/wp-content\/uploads\/sites\/2\/2017\/11\/empresas-fp-dual-768x768.jpg 768w\" sizes=\"(max-width: 900px) 100vw, 900px\" \/><\/p>\n<p>[\/et_pb_accordion_item]<\/p>\n<p>[\/et_pb_accordion][\/et_pb_column][\/et_pb_row][\/et_pb_section]<\/p>\n","protected":false},"excerpt":{"rendered":"<p>INFORMACI\u00d3N DE INTER\u00c9S La FP-FUAL es la nueva modalidad deestudios que hoy se est\u00e1 imponiendo en Europa y que en Andaluc\u00eda ha empezado afuncionar recientemente. Permite cursar los dos a\u00f1os de un Ciclo Formativocompartiendo este tiempo entre el Centro de estudios y el trabajo en lasempresas colaboradoras, en calidad de alumno trabajador. Nuestro Centro,Salesianos Palma [&hellip;]<\/p>\n","protected":false},"author":2,"featured_media":0,"parent":0,"menu_order":0,"comment_status":"closed","ping_status":"closed","template":"","meta":{"_et_pb_use_builder":"on","_et_pb_old_content":"","_et_gb_content_width":"","footnotes":""},"class_list":["post-4763","page","type-page","status-publish","hentry"],"yoast_head":"<!-- This site is optimized with the Yoast SEO plugin v27.4 - https:\/\/yoast.com\/product\/yoast-seo-wordpress\/ -->\n<title>FP Dual - Colegio<\/title>\n<meta name=\"robots\" content=\"index, follow, max-snippet:-1, max-image-preview:large, max-video-preview:-1\" \/>\n<link rel=\"canonical\" href=\"https:\/\/palmadelrio.salesianos.edu\/colegio\/fp-dual\/\" \/>\n<meta property=\"og:locale\" content=\"es_ES\" \/>\n<meta property=\"og:type\" content=\"article\" \/>\n<meta property=\"og:title\" content=\"FP Dual - Colegio\" \/>\n<meta property=\"og:description\" content=\"INFORMACI\u00d3N DE INTER\u00c9S La FP-FUAL es la nueva modalidad deestudios que hoy se est\u00e1 imponiendo en Europa y que en Andaluc\u00eda ha empezado afuncionar recientemente. Permite cursar los dos a\u00f1os de un Ciclo Formativocompartiendo este tiempo entre el Centro de estudios y el trabajo en lasempresas colaboradoras, en calidad de alumno trabajador. Nuestro Centro,Salesianos Palma [&hellip;]\" \/>\n<meta property=\"og:url\" content=\"https:\/\/palmadelrio.salesianos.edu\/colegio\/fp-dual\/\" \/>\n<meta property=\"og:site_name\" content=\"Colegio\" \/>\n<meta property=\"article:modified_time\" content=\"2017-11-11T20:47:38+00:00\" \/>\n<meta property=\"og:image\" content=\"https:\/\/palmadelrio.salesianos.edu\/colegio\/wp-content\/uploads\/sites\/2\/2017\/11\/empresas-fp-dual.jpg\" \/>\n<meta name=\"twitter:card\" content=\"summary_large_image\" \/>\n<meta name=\"twitter:label1\" content=\"Tiempo de lectura\" \/>\n\t<meta name=\"twitter:data1\" content=\"4 minutos\" \/>\n<script type=\"application\/ld+json\" class=\"yoast-schema-graph\">{\"@context\":\"https:\\\/\\\/schema.org\",\"@graph\":[{\"@type\":\"WebPage\",\"@id\":\"https:\\\/\\\/palmadelrio.salesianos.edu\\\/colegio\\\/fp-dual\\\/\",\"url\":\"https:\\\/\\\/palmadelrio.salesianos.edu\\\/colegio\\\/fp-dual\\\/\",\"name\":\"FP Dual - Colegio\",\"isPartOf\":{\"@id\":\"https:\\\/\\\/palmadelrio.salesianos.edu\\\/colegio\\\/#website\"},\"primaryImageOfPage\":{\"@id\":\"https:\\\/\\\/palmadelrio.salesianos.edu\\\/colegio\\\/fp-dual\\\/#primaryimage\"},\"image\":{\"@id\":\"https:\\\/\\\/palmadelrio.salesianos.edu\\\/colegio\\\/fp-dual\\\/#primaryimage\"},\"thumbnailUrl\":\"https:\\\/\\\/palmadelrio.salesianos.edu\\\/colegio\\\/wp-content\\\/uploads\\\/sites\\\/2\\\/2017\\\/11\\\/empresas-fp-dual.jpg\",\"datePublished\":\"2017-10-11T20:37:15+00:00\",\"dateModified\":\"2017-11-11T20:47:38+00:00\",\"breadcrumb\":{\"@id\":\"https:\\\/\\\/palmadelrio.salesianos.edu\\\/colegio\\\/fp-dual\\\/#breadcrumb\"},\"inLanguage\":\"es\",\"potentialAction\":[{\"@type\":\"ReadAction\",\"target\":[\"https:\\\/\\\/palmadelrio.salesianos.edu\\\/colegio\\\/fp-dual\\\/\"]}]},{\"@type\":\"ImageObject\",\"inLanguage\":\"es\",\"@id\":\"https:\\\/\\\/palmadelrio.salesianos.edu\\\/colegio\\\/fp-dual\\\/#primaryimage\",\"url\":\"https:\\\/\\\/palmadelrio.salesianos.edu\\\/colegio\\\/wp-content\\\/uploads\\\/sites\\\/2\\\/2017\\\/11\\\/empresas-fp-dual.jpg\",\"contentUrl\":\"https:\\\/\\\/palmadelrio.salesianos.edu\\\/colegio\\\/wp-content\\\/uploads\\\/sites\\\/2\\\/2017\\\/11\\\/empresas-fp-dual.jpg\",\"width\":900,\"height\":900},{\"@type\":\"BreadcrumbList\",\"@id\":\"https:\\\/\\\/palmadelrio.salesianos.edu\\\/colegio\\\/fp-dual\\\/#breadcrumb\",\"itemListElement\":[{\"@type\":\"ListItem\",\"position\":1,\"name\":\"Portada\",\"item\":\"https:\\\/\\\/palmadelrio.salesianos.edu\\\/colegio\\\/\"},{\"@type\":\"ListItem\",\"position\":2,\"name\":\"FP Dual\"}]},{\"@type\":\"WebSite\",\"@id\":\"https:\\\/\\\/palmadelrio.salesianos.edu\\\/colegio\\\/#website\",\"url\":\"https:\\\/\\\/palmadelrio.salesianos.edu\\\/colegio\\\/\",\"name\":\"Colegio\",\"description\":\"P\u00e1gina oficial Salesianos Palma del R\u00edo\",\"potentialAction\":[{\"@type\":\"SearchAction\",\"target\":{\"@type\":\"EntryPoint\",\"urlTemplate\":\"https:\\\/\\\/palmadelrio.salesianos.edu\\\/colegio\\\/?s={search_term_string}\"},\"query-input\":{\"@type\":\"PropertyValueSpecification\",\"valueRequired\":true,\"valueName\":\"search_term_string\"}}],\"inLanguage\":\"es\"}]}<\/script>\n<!-- \/ Yoast SEO plugin. -->","yoast_head_json":{"title":"FP Dual - Colegio","robots":{"index":"index","follow":"follow","max-snippet":"max-snippet:-1","max-image-preview":"max-image-preview:large","max-video-preview":"max-video-preview:-1"},"canonical":"https:\/\/palmadelrio.salesianos.edu\/colegio\/fp-dual\/","og_locale":"es_ES","og_type":"article","og_title":"FP Dual - Colegio","og_description":"INFORMACI\u00d3N DE INTER\u00c9S La FP-FUAL es la nueva modalidad deestudios que hoy se est\u00e1 imponiendo en Europa y que en Andaluc\u00eda ha empezado afuncionar recientemente. Permite cursar los dos a\u00f1os de un Ciclo Formativocompartiendo este tiempo entre el Centro de estudios y el trabajo en lasempresas colaboradoras, en calidad de alumno trabajador. Nuestro Centro,Salesianos Palma [&hellip;]","og_url":"https:\/\/palmadelrio.salesianos.edu\/colegio\/fp-dual\/","og_site_name":"Colegio","article_modified_time":"2017-11-11T20:47:38+00:00","og_image":[{"url":"https:\/\/palmadelrio.salesianos.edu\/colegio\/wp-content\/uploads\/sites\/2\/2017\/11\/empresas-fp-dual.jpg","type":"","width":"","height":""}],"twitter_card":"summary_large_image","twitter_misc":{"Tiempo de lectura":"4 minutos"},"schema":{"@context":"https:\/\/schema.org","@graph":[{"@type":"WebPage","@id":"https:\/\/palmadelrio.salesianos.edu\/colegio\/fp-dual\/","url":"https:\/\/palmadelrio.salesianos.edu\/colegio\/fp-dual\/","name":"FP Dual - Colegio","isPartOf":{"@id":"https:\/\/palmadelrio.salesianos.edu\/colegio\/#website"},"primaryImageOfPage":{"@id":"https:\/\/palmadelrio.salesianos.edu\/colegio\/fp-dual\/#primaryimage"},"image":{"@id":"https:\/\/palmadelrio.salesianos.edu\/colegio\/fp-dual\/#primaryimage"},"thumbnailUrl":"https:\/\/palmadelrio.salesianos.edu\/colegio\/wp-content\/uploads\/sites\/2\/2017\/11\/empresas-fp-dual.jpg","datePublished":"2017-10-11T20:37:15+00:00","dateModified":"2017-11-11T20:47:38+00:00","breadcrumb":{"@id":"https:\/\/palmadelrio.salesianos.edu\/colegio\/fp-dual\/#breadcrumb"},"inLanguage":"es","potentialAction":[{"@type":"ReadAction","target":["https:\/\/palmadelrio.salesianos.edu\/colegio\/fp-dual\/"]}]},{"@type":"ImageObject","inLanguage":"es","@id":"https:\/\/palmadelrio.salesianos.edu\/colegio\/fp-dual\/#primaryimage","url":"https:\/\/palmadelrio.salesianos.edu\/colegio\/wp-content\/uploads\/sites\/2\/2017\/11\/empresas-fp-dual.jpg","contentUrl":"https:\/\/palmadelrio.salesianos.edu\/colegio\/wp-content\/uploads\/sites\/2\/2017\/11\/empresas-fp-dual.jpg","width":900,"height":900},{"@type":"BreadcrumbList","@id":"https:\/\/palmadelrio.salesianos.edu\/colegio\/fp-dual\/#breadcrumb","itemListElement":[{"@type":"ListItem","position":1,"name":"Portada","item":"https:\/\/palmadelrio.salesianos.edu\/colegio\/"},{"@type":"ListItem","position":2,"name":"FP Dual"}]},{"@type":"WebSite","@id":"https:\/\/palmadelrio.salesianos.edu\/colegio\/#website","url":"https:\/\/palmadelrio.salesianos.edu\/colegio\/","name":"Colegio","description":"P\u00e1gina oficial Salesianos Palma del R\u00edo","potentialAction":[{"@type":"SearchAction","target":{"@type":"EntryPoint","urlTemplate":"https:\/\/palmadelrio.salesianos.edu\/colegio\/?s={search_term_string}"},"query-input":{"@type":"PropertyValueSpecification","valueRequired":true,"valueName":"search_term_string"}}],"inLanguage":"es"}]}},"_links":{"self":[{"href":"https:\/\/palmadelrio.salesianos.edu\/colegio\/wp-json\/wp\/v2\/pages\/4763","targetHints":{"allow":["GET"]}}],"collection":[{"href":"https:\/\/palmadelrio.salesianos.edu\/colegio\/wp-json\/wp\/v2\/pages"}],"about":[{"href":"https:\/\/palmadelrio.salesianos.edu\/colegio\/wp-json\/wp\/v2\/types\/page"}],"author":[{"embeddable":true,"href":"https:\/\/palmadelrio.salesianos.edu\/colegio\/wp-json\/wp\/v2\/users\/2"}],"replies":[{"embeddable":true,"href":"https:\/\/palmadelrio.salesianos.edu\/colegio\/wp-json\/wp\/v2\/comments?post=4763"}],"version-history":[{"count":1,"href":"https:\/\/palmadelrio.salesianos.edu\/colegio\/wp-json\/wp\/v2\/pages\/4763\/revisions"}],"predecessor-version":[{"id":4765,"href":"https:\/\/palmadelrio.salesianos.edu\/colegio\/wp-json\/wp\/v2\/pages\/4763\/revisions\/4765"}],"wp:attachment":[{"href":"https:\/\/palmadelrio.salesianos.edu\/colegio\/wp-json\/wp\/v2\/media?parent=4763"}],"curies":[{"name":"wp","href":"https:\/\/api.w.org\/{rel}","templated":true}]}}