{"id":3131,"date":"2017-09-27T19:32:07","date_gmt":"2017-09-27T18:32:07","guid":{"rendered":"https:\/\/palmadelrio.salesianos.edu\/familiasalesiana\/?page_id=3131"},"modified":"2024-06-18T08:46:10","modified_gmt":"2024-06-18T07:46:10","slug":"antiguos-alumnos","status":"publish","type":"page","link":"https:\/\/palmadelrio.salesianos.edu\/familiasalesiana\/antiguos-alumnos\/","title":{"rendered":"Antiguos Alumnos"},"content":{"rendered":"<div id=\"fb-root\"><\/div>\n<p>[et_pb_section fb_built=\u00bb1&#8243; fullwidth=\u00bbon\u00bb admin_label=\u00bbSecci\u00f3n\u00bb _builder_version=\u00bb4.16&#8243; global_colors_info=\u00bb{}\u00bb][et_pb_fullwidth_header title=\u00bbAntiguos Alumnos\u00bb content_max_width=\u00bbnone\u00bb admin_label=\u00bbT\u00edtulo de anchura completa\u00bb module_class=\u00bbpagina-imagen-cabecera\u00bb _builder_version=\u00bb4.16&#8243; background_color=\u00bbrgba(255, 255, 255, 0)\u00bb background_image=\u00bbhttps:\/\/palmadelrio.salesianos.edu\/familiasalesiana\/wp-content\/uploads\/sites\/4\/2017\/09\/fondo.jpg\u00bb background_layout=\u00bblight\u00bb button_one_letter_spacing_hover=\u00bb0&#8243; button_two_letter_spacing_hover=\u00bb0&#8243; global_colors_info=\u00bb{}\u00bb button_one_text_size__hover_enabled=\u00bboff\u00bb button_two_text_size__hover_enabled=\u00bboff\u00bb button_one_text_color__hover_enabled=\u00bboff\u00bb button_two_text_color__hover_enabled=\u00bboff\u00bb button_one_border_width__hover_enabled=\u00bboff\u00bb button_two_border_width__hover_enabled=\u00bboff\u00bb button_one_border_color__hover_enabled=\u00bboff\u00bb button_two_border_color__hover_enabled=\u00bboff\u00bb button_one_border_radius__hover_enabled=\u00bboff\u00bb button_two_border_radius__hover_enabled=\u00bboff\u00bb button_one_letter_spacing__hover_enabled=\u00bbon\u00bb button_one_letter_spacing__hover=\u00bb0&#8243; button_two_letter_spacing__hover_enabled=\u00bbon\u00bb button_two_letter_spacing__hover=\u00bb0&#8243; button_one_bg_color__hover_enabled=\u00bboff\u00bb button_two_bg_color__hover_enabled=\u00bboff\u00bb][\/et_pb_fullwidth_header][\/et_pb_section][et_pb_section fb_built=\u00bb1&#8243; admin_label=\u00bbsection\u00bb _builder_version=\u00bb4.16&#8243; global_colors_info=\u00bb{}\u00bb][et_pb_row admin_label=\u00bbrow\u00bb _builder_version=\u00bb4.16&#8243; background_size=\u00bbinitial\u00bb background_position=\u00bbtop_left\u00bb background_repeat=\u00bbrepeat\u00bb global_colors_info=\u00bb{}\u00bb][et_pb_column type=\u00bb4_4&#8243; _builder_version=\u00bb4.16&#8243; custom_padding=\u00bb|||\u00bb global_colors_info=\u00bb{}\u00bb custom_padding__hover=\u00bb|||\u00bb][et_pb_text admin_label=\u00bbQuienes somos\u00bb _builder_version=\u00bb4.25.1&#8243; header_font_size=\u00bb40px\u00bb background_size=\u00bbinitial\u00bb background_position=\u00bbtop_left\u00bb background_repeat=\u00bbrepeat\u00bb border_style=\u00bbsolid\u00bb global_colors_info=\u00bb{}\u00bb]<\/p>\n<h2>QUI\u00c9NES SOMOS:<\/h2>\n<p style=\"text-align: justify;\">Los Antiguos Alumnos Salesianos somos todas aquellas personas, que de alguna manera hemos pasado en alg\u00fan momento de nuestra vida por una obra salesiana en cualquiera de sus ambientes: en un colegio como alumnos, en el centro juvenil, en el oratorio, como feligreses, \u2026 y se\u00a0 sienten vinculados a D. Bosco por la gratitud, el afecto y el aprecio a los valores recibidos.<\/p>\n<p style=\"text-align: justify;\">Si adem\u00e1s, expresamos libremente una solicitud de admisi\u00f3n, pasamos a formar parte de la <strong>Asociaci\u00f3n de Antiguos Alumnos del Colegio Salesiano de Palma del R\u00edo<\/strong>, uno de los grupos de la\u00a0 <strong>Familia Salesiana<\/strong> de esta Casa.<\/p>\n<p>[\/et_pb_text][\/et_pb_column][\/et_pb_row][et_pb_row admin_label=\u00bbrow\u00bb _builder_version=\u00bb4.16&#8243; background_size=\u00bbinitial\u00bb background_position=\u00bbtop_left\u00bb background_repeat=\u00bbrepeat\u00bb global_colors_info=\u00bb{}\u00bb][et_pb_column type=\u00bb4_4&#8243; _builder_version=\u00bb4.16&#8243; custom_padding=\u00bb|||\u00bb global_colors_info=\u00bb{}\u00bb custom_padding__hover=\u00bb|||\u00bb][et_pb_text admin_label=\u00bbLa Asociaci\u00f3n en la actualidad\u00bb _builder_version=\u00bb4.25.1&#8243; header_font_size=\u00bb40px\u00bb background_size=\u00bbinitial\u00bb background_position=\u00bbtop_left\u00bb background_repeat=\u00bbrepeat\u00bb border_style=\u00bbsolid\u00bb global_colors_info=\u00bb{}\u00bb]<\/p>\n<h2>LA ASOCIACI\u00d3N EN LA ACTUALIDAD:<\/h2>\n<p style=\"text-align: justify;\">A d\u00eda de hoy, nuestra Asociaci\u00f3n est\u00e1 compuesta por m\u00e1s de 60 \u00a0asociados, y cuenta con una \u00a0junta directiva formada por 7 miembros. Adem\u00e1s, desde 2023 contamos dentro de la Asociaci\u00f3n con un \u201cGrupo Joven\u201d formado actualmente por unos 10 miembros.<\/p>\n<p style=\"text-align: justify;\">A lo largo de todo el curso, llevamos a cabo actividades propias, as\u00ed como en colaboraci\u00f3n con el resto de los grupos de la Familia Salesiana de la Casa.<\/p>\n<p style=\"text-align: justify;\">Destacamos especialmente los actos con motivo de la festividad de nuestro patr\u00f3n San Juan Bosco en torno al 31 de enero de cada a\u00f1o: triduo, solemnidad, preg\u00f3n, procesi\u00f3n por las calles de nuestra localidad, \u2026\u00a0 y c\u00f3mo no, nuestra tradicional \u201cFiesta de la Uni\u00f3n\u201d, donde cada a\u00f1o, desde hace muchos, se homenajea a la promoci\u00f3n de oro (50 a\u00f1os) y a la promoci\u00f3n de plata (25 a\u00f1os).<\/p>\n<p style=\"text-align: justify;\">Y todas estas actividades con el objetivo de mantener vivo el carisma salesiano en nuestra ciudad, y de esta manera, como el mismo \u201cPadre, Maestro y Amigo de los j\u00f3venes\u201d nos ense\u00f1\u00f3, continuar llevando a cabo nuestra misi\u00f3n de formar: \u201cBuenos cristianos y honrados ciudadanos\u201d.<\/p>\n<p>[\/et_pb_text][\/et_pb_column][\/et_pb_row][et_pb_row admin_label=\u00bbrow\u00bb _builder_version=\u00bb4.16&#8243; background_size=\u00bbinitial\u00bb background_position=\u00bbtop_left\u00bb background_repeat=\u00bbrepeat\u00bb global_colors_info=\u00bb{}\u00bb][et_pb_column type=\u00bb4_4&#8243; _builder_version=\u00bb4.16&#8243; custom_padding=\u00bb|||\u00bb global_colors_info=\u00bb{}\u00bb custom_padding__hover=\u00bb|||\u00bb][et_pb_text admin_label=\u00bbUn poco de Historia\u00bb _builder_version=\u00bb4.25.1&#8243; header_font_size=\u00bb40px\u00bb background_size=\u00bbinitial\u00bb background_position=\u00bbtop_left\u00bb background_repeat=\u00bbrepeat\u00bb border_style=\u00bbsolid\u00bb global_colors_info=\u00bb{}\u00bb]<\/p>\n<h2>UN POCO DE HISTORIA:<\/h2>\n<p style=\"text-align: justify;\">El 24 de junio del a\u00f1o 1870, un grupo de trece antiguos alumnos del primer Oratorio de Tur\u00edn decidieron felicitar a Don Bosco el d\u00eda de su onom\u00e1stica (San Juan Bautista), para expresarle su gratitud por cuanto hab\u00eda hecho por ellos y le llevaron de regalo, un juego de caf\u00e9. Nombraron como representante para hablar en nombre de todos a Carlos Gastini, jefe de los encuadernadores. Les un\u00eda a todos la antigua vida en com\u00fan, la educaci\u00f3n recibida de Don Bosco y una gran amistad. De aquella primera y espont\u00e1nea visita surgi\u00f3 el compromiso de buscar a otros compa\u00f1eros del Oratorio.<\/p>\n<p style=\"text-align: justify;\">Surge as\u00ed, el movimiento de los Antiguos Alumnos Salesianos. En 1908, siendo Rector Mayor de los Salesianos D. Miguel R\u00faa, y con el impulso del salesiano D. Felipe Rinaldi, nace la idea de una Federaci\u00f3n Internacional y se empiezan a dar los primeros pasos. El Cap\u00edtulo General Especial de los Salesianos, en 1972, los reconoci\u00f3 como grupo integrante de la Familia Salesiana.<\/p>\n<p style=\"text-align: justify;\">En nuestra Casa, es en 1982 cuando empieza a gestarse la Asociaci\u00f3n de Antiguos Alumnos de la mano del querido salesiano D. Vicente Mart\u00edn, proceso que culmina con el registro de la asociaci\u00f3n, y por tanto, su reconocimiento oficial, el 14 de septiembre de 1985. Desde entonces la Asociaci\u00f3n de Antiguos Alumnos ha ido creciendo y fortaleci\u00e9ndose, gracias a la labor de muchos socios, representados por\u00a0 los presidentes y sus correspondientes juntas directivas.<\/p>\n<p>VIDEO ANTIGUOS ALUMNOS:<\/p>\n<p>[\/et_pb_text][et_pb_video src=\u00bbhttps:\/\/youtu.be\/GaAHQd1n4fg?si=RyNuCjgHbGLpTn4C\u00bb _builder_version=\u00bb4.25.1&#8243; _module_preset=\u00bbdefault\u00bb global_colors_info=\u00bb{}\u00bb][\/et_pb_video][\/et_pb_column][\/et_pb_row][et_pb_row admin_label=\u00bbrow\u00bb _builder_version=\u00bb4.16&#8243; background_size=\u00bbinitial\u00bb background_position=\u00bbtop_left\u00bb background_repeat=\u00bbrepeat\u00bb global_colors_info=\u00bb{}\u00bb][et_pb_column type=\u00bb4_4&#8243; _builder_version=\u00bb4.16&#8243; custom_padding=\u00bb|||\u00bb global_colors_info=\u00bb{}\u00bb custom_padding__hover=\u00bb|||\u00bb][et_pb_text admin_label=\u00bbAS\u00d3CIATE\u00bb _builder_version=\u00bb4.25.1&#8243; header_font_size=\u00bb40px\u00bb background_size=\u00bbinitial\u00bb background_position=\u00bbtop_left\u00bb background_repeat=\u00bbrepeat\u00bb border_style=\u00bbsolid\u00bb global_colors_info=\u00bb{}\u00bb]<\/p>\n<h2>AS\u00d3CIATE:<\/h2>\n<p style=\"text-align: justify;\">La Asociaci\u00f3n de AA.AA. de Don Bosco en Palma del R\u00edo, necesita contar con tu ayuda y colaboraci\u00f3n, para seguir llevando a cabo todas las actividades propuestas, y continuar transmitiendo los valores y el carisma salesiano.<\/p>\n<p style=\"text-align: justify;\">Si est\u00e1s interesado\/a en formar parte de la Asociaci\u00f3n, no dudes en ponerte en contacto con alguno de los miembros de la Junta Directiva o directamente en las instalaciones del Colegio Salesiano.<\/p>\n<p style=\"text-align: justify;\"><strong>Email: antiguosalumnos.palmadelrio@salesianos.edu<\/strong><\/p>\n<p>[\/et_pb_text][\/et_pb_column][\/et_pb_row][et_pb_row admin_label=\u00bbrow\u00bb _builder_version=\u00bb4.16&#8243; background_size=\u00bbinitial\u00bb background_position=\u00bbtop_left\u00bb background_repeat=\u00bbrepeat\u00bb global_colors_info=\u00bb{}\u00bb][et_pb_column type=\u00bb4_4&#8243; _builder_version=\u00bb4.16&#8243; custom_padding=\u00bb|||\u00bb global_colors_info=\u00bb{}\u00bb custom_padding__hover=\u00bb|||\u00bb][et_pb_text admin_label=\u00bbContacto\u00bb _builder_version=\u00bb4.25.1&#8243; header_font_size=\u00bb40px\u00bb background_size=\u00bbinitial\u00bb background_position=\u00bbtop_left\u00bb background_repeat=\u00bbrepeat\u00bb hover_enabled=\u00bb0&#8243; border_style=\u00bbsolid\u00bb global_colors_info=\u00bb{}\u00bb sticky_enabled=\u00bb0&#8243;]<\/p>\n<h2>CONTACTO:<\/h2>\n<p>Puedes seguirnos a trav\u00e9s de Facebook, haciendo click <a href=\"https:\/\/www.facebook.com\/antiguosalumnos.salesianospalma\/?locale=es_ES\" target=\"_blank\" rel=\"noopener\">aqu\u00ed<\/a>, por X, haciendo clik <a href=\"https:\/\/x.com\/aaaasalespalma?lang=es\" target=\"_blank\" rel=\"noopener\">aqu\u00ed<\/a> o por Instagram, haciendo clik <a href=\"https:\/\/www.instagram.com\/aaaasalespalma\" target=\"_blank\" rel=\"noopener\">aqu\u00ed<\/a>.<\/p>\n<p>[\/et_pb_text][\/et_pb_column][\/et_pb_row][et_pb_row column_structure=\u00bb1_3,2_3&#8243; admin_label=\u00bbFila\u00bb _builder_version=\u00bb4.16&#8243; background_size=\u00bbinitial\u00bb background_position=\u00bbtop_left\u00bb background_repeat=\u00bbrepeat\u00bb global_colors_info=\u00bb{}\u00bb][et_pb_column type=\u00bb1_3&#8243; _builder_version=\u00bb4.16&#8243; custom_padding=\u00bb|||\u00bb global_colors_info=\u00bb{}\u00bb custom_padding__hover=\u00bb|||\u00bb][et_pb_image src=\u00bbhttps:\/\/palmadelrio.salesianos.edu\/familiasalesiana\/wp-content\/uploads\/sites\/4\/2017\/09\/antiguos-alumnos.jpg\u00bb align=\u00bbcenter\u00bb align_tablet=\u00bbcenter\u00bb align_phone=\u00bbcenter\u00bb align_last_edited=\u00bbon|desktop\u00bb admin_label=\u00bbImagen\u00bb _builder_version=\u00bb4.16&#8243; animation_style=\u00bbslide\u00bb animation_direction=\u00bbleft\u00bb animation_duration=\u00bb500ms\u00bb animation_intensity_slide=\u00bb10%\u00bb border_style=\u00bbsolid\u00bb sticky=\u00bboff\u00bb always_center_on_mobile=\u00bbon\u00bb global_colors_info=\u00bb{}\u00bb][\/et_pb_image][\/et_pb_column][et_pb_column type=\u00bb2_3&#8243; _builder_version=\u00bb4.16&#8243; custom_padding=\u00bb|||\u00bb global_colors_info=\u00bb{}\u00bb custom_padding__hover=\u00bb|||\u00bb][et_pb_gallery gallery_ids=\u00bb4322,4323,4324,4325,4326&#8243; _builder_version=\u00bb4.25.1&#8243; _module_preset=\u00bbdefault\u00bb global_colors_info=\u00bb{}\u00bb][\/et_pb_gallery][\/et_pb_column][\/et_pb_row][\/et_pb_section]<\/p>\n","protected":false},"excerpt":{"rendered":"<p>QUI\u00c9NES SOMOS: Los Antiguos Alumnos Salesianos somos todas aquellas personas, que de alguna manera hemos pasado en alg\u00fan momento de nuestra vida por una obra salesiana en cualquiera de sus ambientes: en un colegio como alumnos, en el centro juvenil, en el oratorio, como feligreses, \u2026 y se\u00a0 sienten vinculados a D. Bosco por la [&hellip;]<\/p>\n","protected":false},"author":2,"featured_media":0,"parent":0,"menu_order":0,"comment_status":"closed","ping_status":"closed","template":"","meta":{"_et_pb_use_builder":"on","_et_pb_old_content":"","_et_gb_content_width":"","footnotes":""},"class_list":["post-3131","page","type-page","status-publish","hentry"],"yoast_head":"<!-- This site is optimized with the Yoast SEO plugin v27.4 - https:\/\/yoast.com\/product\/yoast-seo-wordpress\/ -->\n<title>Antiguos Alumnos - Familia Salesiana<\/title>\n<meta name=\"robots\" content=\"index, follow, max-snippet:-1, max-image-preview:large, max-video-preview:-1\" \/>\n<link rel=\"canonical\" href=\"https:\/\/palmadelrio.salesianos.edu\/familiasalesiana\/antiguos-alumnos\/\" \/>\n<meta property=\"og:locale\" content=\"es_ES\" \/>\n<meta property=\"og:type\" content=\"article\" \/>\n<meta property=\"og:title\" content=\"Antiguos Alumnos - Familia Salesiana\" \/>\n<meta property=\"og:description\" content=\"QUI\u00c9NES SOMOS: Los Antiguos Alumnos Salesianos somos todas aquellas personas, que de alguna manera hemos pasado en alg\u00fan momento de nuestra vida por una obra salesiana en cualquiera de sus ambientes: en un colegio como alumnos, en el centro juvenil, en el oratorio, como feligreses, \u2026 y se\u00a0 sienten vinculados a D. Bosco por la [&hellip;]\" \/>\n<meta property=\"og:url\" content=\"https:\/\/palmadelrio.salesianos.edu\/familiasalesiana\/antiguos-alumnos\/\" \/>\n<meta property=\"og:site_name\" content=\"Familia Salesiana\" \/>\n<meta property=\"article:modified_time\" content=\"2024-06-18T07:46:10+00:00\" \/>\n<meta name=\"twitter:card\" content=\"summary_large_image\" \/>\n<meta name=\"twitter:label1\" content=\"Tiempo de lectura\" \/>\n\t<meta name=\"twitter:data1\" content=\"5 minutos\" \/>\n<script type=\"application\/ld+json\" class=\"yoast-schema-graph\">{\"@context\":\"https:\\\/\\\/schema.org\",\"@graph\":[{\"@type\":\"WebPage\",\"@id\":\"https:\\\/\\\/palmadelrio.salesianos.edu\\\/familiasalesiana\\\/antiguos-alumnos\\\/\",\"url\":\"https:\\\/\\\/palmadelrio.salesianos.edu\\\/familiasalesiana\\\/antiguos-alumnos\\\/\",\"name\":\"Antiguos Alumnos - Familia Salesiana\",\"isPartOf\":{\"@id\":\"https:\\\/\\\/palmadelrio.salesianos.edu\\\/familiasalesiana\\\/#website\"},\"datePublished\":\"2017-09-27T18:32:07+00:00\",\"dateModified\":\"2024-06-18T07:46:10+00:00\",\"breadcrumb\":{\"@id\":\"https:\\\/\\\/palmadelrio.salesianos.edu\\\/familiasalesiana\\\/antiguos-alumnos\\\/#breadcrumb\"},\"inLanguage\":\"es\",\"potentialAction\":[{\"@type\":\"ReadAction\",\"target\":[\"https:\\\/\\\/palmadelrio.salesianos.edu\\\/familiasalesiana\\\/antiguos-alumnos\\\/\"]}]},{\"@type\":\"BreadcrumbList\",\"@id\":\"https:\\\/\\\/palmadelrio.salesianos.edu\\\/familiasalesiana\\\/antiguos-alumnos\\\/#breadcrumb\",\"itemListElement\":[{\"@type\":\"ListItem\",\"position\":1,\"name\":\"Portada\",\"item\":\"https:\\\/\\\/palmadelrio.salesianos.edu\\\/familiasalesiana\\\/\"},{\"@type\":\"ListItem\",\"position\":2,\"name\":\"Antiguos Alumnos\"}]},{\"@type\":\"WebSite\",\"@id\":\"https:\\\/\\\/palmadelrio.salesianos.edu\\\/familiasalesiana\\\/#website\",\"url\":\"https:\\\/\\\/palmadelrio.salesianos.edu\\\/familiasalesiana\\\/\",\"name\":\"Familia Salesiana\",\"description\":\"P\u00e1gina oficial Salesianos Palma del R\u00edo\",\"potentialAction\":[{\"@type\":\"SearchAction\",\"target\":{\"@type\":\"EntryPoint\",\"urlTemplate\":\"https:\\\/\\\/palmadelrio.salesianos.edu\\\/familiasalesiana\\\/?s={search_term_string}\"},\"query-input\":{\"@type\":\"PropertyValueSpecification\",\"valueRequired\":true,\"valueName\":\"search_term_string\"}}],\"inLanguage\":\"es\"}]}<\/script>\n<!-- \/ Yoast SEO plugin. -->","yoast_head_json":{"title":"Antiguos Alumnos - Familia Salesiana","robots":{"index":"index","follow":"follow","max-snippet":"max-snippet:-1","max-image-preview":"max-image-preview:large","max-video-preview":"max-video-preview:-1"},"canonical":"https:\/\/palmadelrio.salesianos.edu\/familiasalesiana\/antiguos-alumnos\/","og_locale":"es_ES","og_type":"article","og_title":"Antiguos Alumnos - Familia Salesiana","og_description":"QUI\u00c9NES SOMOS: Los Antiguos Alumnos Salesianos somos todas aquellas personas, que de alguna manera hemos pasado en alg\u00fan momento de nuestra vida por una obra salesiana en cualquiera de sus ambientes: en un colegio como alumnos, en el centro juvenil, en el oratorio, como feligreses, \u2026 y se\u00a0 sienten vinculados a D. Bosco por la [&hellip;]","og_url":"https:\/\/palmadelrio.salesianos.edu\/familiasalesiana\/antiguos-alumnos\/","og_site_name":"Familia Salesiana","article_modified_time":"2024-06-18T07:46:10+00:00","twitter_card":"summary_large_image","twitter_misc":{"Tiempo de lectura":"5 minutos"},"schema":{"@context":"https:\/\/schema.org","@graph":[{"@type":"WebPage","@id":"https:\/\/palmadelrio.salesianos.edu\/familiasalesiana\/antiguos-alumnos\/","url":"https:\/\/palmadelrio.salesianos.edu\/familiasalesiana\/antiguos-alumnos\/","name":"Antiguos Alumnos - Familia Salesiana","isPartOf":{"@id":"https:\/\/palmadelrio.salesianos.edu\/familiasalesiana\/#website"},"datePublished":"2017-09-27T18:32:07+00:00","dateModified":"2024-06-18T07:46:10+00:00","breadcrumb":{"@id":"https:\/\/palmadelrio.salesianos.edu\/familiasalesiana\/antiguos-alumnos\/#breadcrumb"},"inLanguage":"es","potentialAction":[{"@type":"ReadAction","target":["https:\/\/palmadelrio.salesianos.edu\/familiasalesiana\/antiguos-alumnos\/"]}]},{"@type":"BreadcrumbList","@id":"https:\/\/palmadelrio.salesianos.edu\/familiasalesiana\/antiguos-alumnos\/#breadcrumb","itemListElement":[{"@type":"ListItem","position":1,"name":"Portada","item":"https:\/\/palmadelrio.salesianos.edu\/familiasalesiana\/"},{"@type":"ListItem","position":2,"name":"Antiguos Alumnos"}]},{"@type":"WebSite","@id":"https:\/\/palmadelrio.salesianos.edu\/familiasalesiana\/#website","url":"https:\/\/palmadelrio.salesianos.edu\/familiasalesiana\/","name":"Familia Salesiana","description":"P\u00e1gina oficial Salesianos Palma del R\u00edo","potentialAction":[{"@type":"SearchAction","target":{"@type":"EntryPoint","urlTemplate":"https:\/\/palmadelrio.salesianos.edu\/familiasalesiana\/?s={search_term_string}"},"query-input":{"@type":"PropertyValueSpecification","valueRequired":true,"valueName":"search_term_string"}}],"inLanguage":"es"}]}},"_links":{"self":[{"href":"https:\/\/palmadelrio.salesianos.edu\/familiasalesiana\/wp-json\/wp\/v2\/pages\/3131","targetHints":{"allow":["GET"]}}],"collection":[{"href":"https:\/\/palmadelrio.salesianos.edu\/familiasalesiana\/wp-json\/wp\/v2\/pages"}],"about":[{"href":"https:\/\/palmadelrio.salesianos.edu\/familiasalesiana\/wp-json\/wp\/v2\/types\/page"}],"author":[{"embeddable":true,"href":"https:\/\/palmadelrio.salesianos.edu\/familiasalesiana\/wp-json\/wp\/v2\/users\/2"}],"replies":[{"embeddable":true,"href":"https:\/\/palmadelrio.salesianos.edu\/familiasalesiana\/wp-json\/wp\/v2\/comments?post=3131"}],"version-history":[{"count":19,"href":"https:\/\/palmadelrio.salesianos.edu\/familiasalesiana\/wp-json\/wp\/v2\/pages\/3131\/revisions"}],"predecessor-version":[{"id":4339,"href":"https:\/\/palmadelrio.salesianos.edu\/familiasalesiana\/wp-json\/wp\/v2\/pages\/3131\/revisions\/4339"}],"wp:attachment":[{"href":"https:\/\/palmadelrio.salesianos.edu\/familiasalesiana\/wp-json\/wp\/v2\/media?parent=3131"}],"curies":[{"name":"wp","href":"https:\/\/api.w.org\/{rel}","templated":true}]}}